{"id":4725,"date":"2024-02-12T10:18:41","date_gmt":"2024-02-12T09:18:41","guid":{"rendered":"https:\/\/new.taeeuropa.eu\/?post_type=product&#038;p=4725"},"modified":"2024-09-26T16:17:56","modified_gmt":"2024-09-26T14:17:56","slug":"productor-carnico","status":"publish","type":"product","link":"https:\/\/www.taeeuropa.eu\/ca\/producte\/productor-carnico\/","title":{"rendered":"Productor de carns"},"content":{"rendered":"<p>\u2013 Empresa portuguesa dedicada al sacrifici, especejament, elaboraci\u00f3, distribuci\u00f3 i comercialitzaci\u00f3 de productes carnis, principalment porc\u00ed, en fresc i congelat.<br \/>\n\u2013 La companyia destaca per posseir un proc\u00e9s productiu integrat verticalment, comptant amb escorxador, sala d'especejament, t\u00fanels de congelaci\u00f3, cambres i una flota pr\u00f2pia de distribuci\u00f3.<\/p>","protected":false},"excerpt":{"rendered":"<p>&#8211; Empresa portuguesa dedicada al sacrificio, despiece, elaboraci\u00f3n, distribuci\u00f3n y comercializaci\u00f3n de productos c\u00e1rnicos, principalmente porcino, en fresco y congelado. &#8211; La compa\u00f1\u00eda destaca por poseer un proceso productivo integrado verticalmente, contando con matadero, sala de despiece, t\u00faneles de congelaci\u00f3n, c\u00e1maras y una flota propia de distribuci\u00f3n.<\/p>","protected":false},"featured_media":4726,"template":"","meta":{"om_disable_all_campaigns":false,"_monsterinsights_skip_tracking":false,"_monsterinsights_sitenote_active":false,"_monsterinsights_sitenote_note":"","_monsterinsights_sitenote_category":0,"neve_meta_sidebar":"","neve_meta_container":"","neve_meta_enable_content_width":"off","neve_meta_content_width":100,"neve_meta_title_alignment":"","neve_meta_author_avatar":"","neve_post_elements_order":"","neve_meta_disable_header":"","neve_meta_disable_footer":"","neve_meta_disable_title":""},"product_brand":[],"product_cat":[52,32,54,43],"product_tag":[],"class_list":{"0":"post-4725","1":"product","2":"type-product","3":"status-publish","4":"has-post-thumbnail","6":"product_cat-20me","7":"product_cat-empresas-en-venta","8":"product_cat-industria-carnica","9":"product_cat-portugal","11":"first","12":"instock","13":"shipping-taxable","14":"product-type-simple"},"yoast_head":"<!-- This site is optimized with the Yoast SEO plugin v27.4 - https:\/\/yoast.com\/product\/yoast-seo-wordpress\/ -->\n<title>Productor c\u00e1rnico | TAE Europa<\/title>\n<meta name=\"description\" content=\"Productor c\u00e1rnico portugues dedicado al sacrificio, despiece, elaboraci\u00f3n, distribuci\u00f3n y comercializaci\u00f3n, principalmente porcino, en fresco y congelado.\" \/>\n<meta name=\"robots\" content=\"index, follow, max-snippet:-1, max-image-preview:large, max-video-preview:-1\" \/>\n<link rel=\"canonical\" href=\"https:\/\/www.taeeuropa.eu\/ca\/product\/productor-carnico\/\" \/>\n<meta property=\"og:locale\" content=\"ca_ES\" \/>\n<meta property=\"og:type\" content=\"article\" \/>\n<meta property=\"og:title\" content=\"Productor c\u00e1rnico | TAE Europa\" \/>\n<meta property=\"og:description\" content=\"Productor c\u00e1rnico portugues dedicado al sacrificio, despiece, elaboraci\u00f3n, distribuci\u00f3n y comercializaci\u00f3n, principalmente porcino, en fresco y congelado.\" \/>\n<meta property=\"og:url\" content=\"https:\/\/www.taeeuropa.eu\/ca\/product\/productor-carnico\/\" \/>\n<meta property=\"og:site_name\" content=\"TAE Europa\" \/>\n<meta property=\"article:modified_time\" content=\"2024-09-26T14:17:56+00:00\" \/>\n<meta property=\"og:image\" content=\"https:\/\/www.taeeuropa.eu\/wp-content\/uploads\/primer-plano-bistec-carne-cruda-hierbas-especias-sobre-fondo-negro-ai-generativo.jpg\" \/>\n\t<meta property=\"og:image:width\" content=\"1000\" \/>\n\t<meta property=\"og:image:height\" content=\"667\" \/>\n\t<meta property=\"og:image:type\" content=\"image\/jpeg\" \/>\n<meta name=\"twitter:card\" content=\"summary_large_image\" \/>\n<meta name=\"twitter:label1\" content=\"Temps estimat de lectura\" \/>\n\t<meta name=\"twitter:data1\" content=\"1 minut\" \/>\n<script type=\"application\/ld+json\" class=\"yoast-schema-graph\">{\"@context\":\"https:\\\/\\\/schema.org\",\"@graph\":[{\"@type\":\"WebPage\",\"@id\":\"https:\\\/\\\/www.taeeuropa.eu\\\/en\\\/product\\\/productor-carnico\\\/\",\"url\":\"https:\\\/\\\/www.taeeuropa.eu\\\/en\\\/product\\\/productor-carnico\\\/\",\"name\":\"Productor c\u00e1rnico | TAE Europa\",\"isPartOf\":{\"@id\":\"https:\\\/\\\/www.taeeuropa.eu\\\/#website\"},\"primaryImageOfPage\":{\"@id\":\"https:\\\/\\\/www.taeeuropa.eu\\\/en\\\/product\\\/productor-carnico\\\/#primaryimage\"},\"image\":{\"@id\":\"https:\\\/\\\/www.taeeuropa.eu\\\/en\\\/product\\\/productor-carnico\\\/#primaryimage\"},\"thumbnailUrl\":\"https:\\\/\\\/www.taeeuropa.eu\\\/wp-content\\\/uploads\\\/primer-plano-bistec-carne-cruda-hierbas-especias-sobre-fondo-negro-ai-generativo.jpg\",\"datePublished\":\"2024-02-12T09:18:41+00:00\",\"dateModified\":\"2024-09-26T14:17:56+00:00\",\"description\":\"Productor c\u00e1rnico portugues dedicado al sacrificio, despiece, elaboraci\u00f3n, distribuci\u00f3n y comercializaci\u00f3n, principalmente porcino, en fresco y congelado.\",\"breadcrumb\":{\"@id\":\"https:\\\/\\\/www.taeeuropa.eu\\\/en\\\/product\\\/productor-carnico\\\/#breadcrumb\"},\"inLanguage\":\"ca\",\"potentialAction\":[{\"@type\":\"ReadAction\",\"target\":[\"https:\\\/\\\/www.taeeuropa.eu\\\/en\\\/product\\\/productor-carnico\\\/\"]}]},{\"@type\":\"ImageObject\",\"inLanguage\":\"ca\",\"@id\":\"https:\\\/\\\/www.taeeuropa.eu\\\/en\\\/product\\\/productor-carnico\\\/#primaryimage\",\"url\":\"https:\\\/\\\/www.taeeuropa.eu\\\/wp-content\\\/uploads\\\/primer-plano-bistec-carne-cruda-hierbas-especias-sobre-fondo-negro-ai-generativo.jpg\",\"contentUrl\":\"https:\\\/\\\/www.taeeuropa.eu\\\/wp-content\\\/uploads\\\/primer-plano-bistec-carne-cruda-hierbas-especias-sobre-fondo-negro-ai-generativo.jpg\",\"width\":1000,\"height\":667,\"caption\":\"Imagen de una empresa en venta de productos c\u00e1rnicos, principalmente de cerdo, en fresco y congelado, elaborados y distribuidos por una empresa portuguesa.\"},{\"@type\":\"BreadcrumbList\",\"@id\":\"https:\\\/\\\/www.taeeuropa.eu\\\/en\\\/product\\\/productor-carnico\\\/#breadcrumb\",\"itemListElement\":[{\"@type\":\"ListItem\",\"position\":1,\"name\":\"Portada\",\"item\":\"https:\\\/\\\/www.taeeuropa.eu\\\/\"},{\"@type\":\"ListItem\",\"position\":2,\"name\":\"Tienda\",\"item\":\"https:\\\/\\\/www.taeeuropa.eu\\\/pt\\\/tienda\\\/\"},{\"@type\":\"ListItem\",\"position\":3,\"name\":\"Productor c\u00e1rnico\"}]},{\"@type\":\"WebSite\",\"@id\":\"https:\\\/\\\/www.taeeuropa.eu\\\/#website\",\"url\":\"https:\\\/\\\/www.taeeuropa.eu\\\/\",\"name\":\"TAE Europa\",\"description\":\"Fusiones y Adquisiciones | Sector agroalimentario\",\"publisher\":{\"@id\":\"https:\\\/\\\/www.taeeuropa.eu\\\/#organization\"},\"potentialAction\":[{\"@type\":\"SearchAction\",\"target\":{\"@type\":\"EntryPoint\",\"urlTemplate\":\"https:\\\/\\\/www.taeeuropa.eu\\\/?s={search_term_string}\"},\"query-input\":{\"@type\":\"PropertyValueSpecification\",\"valueRequired\":true,\"valueName\":\"search_term_string\"}}],\"inLanguage\":\"ca\"},{\"@type\":\"Organization\",\"@id\":\"https:\\\/\\\/www.taeeuropa.eu\\\/#organization\",\"name\":\"TAE Europa\",\"url\":\"https:\\\/\\\/www.taeeuropa.eu\\\/\",\"logo\":{\"@type\":\"ImageObject\",\"inLanguage\":\"ca\",\"@id\":\"https:\\\/\\\/www.taeeuropa.eu\\\/#\\\/schema\\\/logo\\\/image\\\/\",\"url\":\"https:\\\/\\\/www.taeeuropa.eu\\\/wp-content\\\/uploads\\\/Logo-fondo-blanco-1.jpg\",\"contentUrl\":\"https:\\\/\\\/www.taeeuropa.eu\\\/wp-content\\\/uploads\\\/Logo-fondo-blanco-1.jpg\",\"width\":460,\"height\":460,\"caption\":\"TAE Europa\"},\"image\":{\"@id\":\"https:\\\/\\\/www.taeeuropa.eu\\\/#\\\/schema\\\/logo\\\/image\\\/\"},\"sameAs\":[\"https:\\\/\\\/www.linkedin.com\\\/company\\\/taeeuropa\\\/\"]}]}<\/script>\n<!-- \/ Yoast SEO plugin. -->","yoast_head_json":{"title":"Productor c\u00e1rnico | TAE Europa","description":"Productor c\u00e1rnico portugues dedicado al sacrificio, despiece, elaboraci\u00f3n, distribuci\u00f3n y comercializaci\u00f3n, principalmente porcino, en fresco y congelado.","robots":{"index":"index","follow":"follow","max-snippet":"max-snippet:-1","max-image-preview":"max-image-preview:large","max-video-preview":"max-video-preview:-1"},"canonical":"https:\/\/www.taeeuropa.eu\/ca\/product\/productor-carnico\/","og_locale":"ca_ES","og_type":"article","og_title":"Productor c\u00e1rnico | TAE Europa","og_description":"Productor c\u00e1rnico portugues dedicado al sacrificio, despiece, elaboraci\u00f3n, distribuci\u00f3n y comercializaci\u00f3n, principalmente porcino, en fresco y congelado.","og_url":"https:\/\/www.taeeuropa.eu\/ca\/product\/productor-carnico\/","og_site_name":"TAE Europa","article_modified_time":"2024-09-26T14:17:56+00:00","og_image":[{"width":1000,"height":667,"url":"https:\/\/www.taeeuropa.eu\/wp-content\/uploads\/primer-plano-bistec-carne-cruda-hierbas-especias-sobre-fondo-negro-ai-generativo.jpg","type":"image\/jpeg"}],"twitter_card":"summary_large_image","twitter_misc":{"Temps estimat de lectura":"1 minut"},"schema":{"@context":"https:\/\/schema.org","@graph":[{"@type":"WebPage","@id":"https:\/\/www.taeeuropa.eu\/en\/product\/productor-carnico\/","url":"https:\/\/www.taeeuropa.eu\/en\/product\/productor-carnico\/","name":"Productor c\u00e1rnico | TAE Europa","isPartOf":{"@id":"https:\/\/www.taeeuropa.eu\/#website"},"primaryImageOfPage":{"@id":"https:\/\/www.taeeuropa.eu\/en\/product\/productor-carnico\/#primaryimage"},"image":{"@id":"https:\/\/www.taeeuropa.eu\/en\/product\/productor-carnico\/#primaryimage"},"thumbnailUrl":"https:\/\/www.taeeuropa.eu\/wp-content\/uploads\/primer-plano-bistec-carne-cruda-hierbas-especias-sobre-fondo-negro-ai-generativo.jpg","datePublished":"2024-02-12T09:18:41+00:00","dateModified":"2024-09-26T14:17:56+00:00","description":"Productor c\u00e1rnico portugues dedicado al sacrificio, despiece, elaboraci\u00f3n, distribuci\u00f3n y comercializaci\u00f3n, principalmente porcino, en fresco y congelado.","breadcrumb":{"@id":"https:\/\/www.taeeuropa.eu\/en\/product\/productor-carnico\/#breadcrumb"},"inLanguage":"ca","potentialAction":[{"@type":"ReadAction","target":["https:\/\/www.taeeuropa.eu\/en\/product\/productor-carnico\/"]}]},{"@type":"ImageObject","inLanguage":"ca","@id":"https:\/\/www.taeeuropa.eu\/en\/product\/productor-carnico\/#primaryimage","url":"https:\/\/www.taeeuropa.eu\/wp-content\/uploads\/primer-plano-bistec-carne-cruda-hierbas-especias-sobre-fondo-negro-ai-generativo.jpg","contentUrl":"https:\/\/www.taeeuropa.eu\/wp-content\/uploads\/primer-plano-bistec-carne-cruda-hierbas-especias-sobre-fondo-negro-ai-generativo.jpg","width":1000,"height":667,"caption":"Imagen de una empresa en venta de productos c\u00e1rnicos, principalmente de cerdo, en fresco y congelado, elaborados y distribuidos por una empresa portuguesa."},{"@type":"BreadcrumbList","@id":"https:\/\/www.taeeuropa.eu\/en\/product\/productor-carnico\/#breadcrumb","itemListElement":[{"@type":"ListItem","position":1,"name":"Portada","item":"https:\/\/www.taeeuropa.eu\/"},{"@type":"ListItem","position":2,"name":"Tienda","item":"https:\/\/www.taeeuropa.eu\/pt\/tienda\/"},{"@type":"ListItem","position":3,"name":"Productor c\u00e1rnico"}]},{"@type":"WebSite","@id":"https:\/\/www.taeeuropa.eu\/#website","url":"https:\/\/www.taeeuropa.eu\/","name":"TAE Europa","description":"Fusiones y Adquisiciones | Sector agroalimentario","publisher":{"@id":"https:\/\/www.taeeuropa.eu\/#organization"},"potentialAction":[{"@type":"SearchAction","target":{"@type":"EntryPoint","urlTemplate":"https:\/\/www.taeeuropa.eu\/?s={search_term_string}"},"query-input":{"@type":"PropertyValueSpecification","valueRequired":true,"valueName":"search_term_string"}}],"inLanguage":"ca"},{"@type":"Organization","@id":"https:\/\/www.taeeuropa.eu\/#organization","name":"TAE Europa","url":"https:\/\/www.taeeuropa.eu\/","logo":{"@type":"ImageObject","inLanguage":"ca","@id":"https:\/\/www.taeeuropa.eu\/#\/schema\/logo\/image\/","url":"https:\/\/www.taeeuropa.eu\/wp-content\/uploads\/Logo-fondo-blanco-1.jpg","contentUrl":"https:\/\/www.taeeuropa.eu\/wp-content\/uploads\/Logo-fondo-blanco-1.jpg","width":460,"height":460,"caption":"TAE Europa"},"image":{"@id":"https:\/\/www.taeeuropa.eu\/#\/schema\/logo\/image\/"},"sameAs":["https:\/\/www.linkedin.com\/company\/taeeuropa\/"]}]}},"_links":{"self":[{"href":"https:\/\/www.taeeuropa.eu\/ca\/wp-json\/wp\/v2\/product\/4725","targetHints":{"allow":["GET"]}}],"collection":[{"href":"https:\/\/www.taeeuropa.eu\/ca\/wp-json\/wp\/v2\/product"}],"about":[{"href":"https:\/\/www.taeeuropa.eu\/ca\/wp-json\/wp\/v2\/types\/product"}],"wp:featuredmedia":[{"embeddable":true,"href":"https:\/\/www.taeeuropa.eu\/ca\/wp-json\/wp\/v2\/media\/4726"}],"wp:attachment":[{"href":"https:\/\/www.taeeuropa.eu\/ca\/wp-json\/wp\/v2\/media?parent=4725"}],"wp:term":[{"taxonomy":"product_brand","embeddable":true,"href":"https:\/\/www.taeeuropa.eu\/ca\/wp-json\/wp\/v2\/product_brand?post=4725"},{"taxonomy":"product_cat","embeddable":true,"href":"https:\/\/www.taeeuropa.eu\/ca\/wp-json\/wp\/v2\/product_cat?post=4725"},{"taxonomy":"product_tag","embeddable":true,"href":"https:\/\/www.taeeuropa.eu\/ca\/wp-json\/wp\/v2\/product_tag?post=4725"}],"curies":[{"name":"wp","href":"https:\/\/api.w.org\/{rel}","templated":true}]}}

<p>– Empresa portuguesa dedicada al sacrifici, especejament, elaboració, distribució i comercialització de productes carnis, principalment porcí, en fresc i congelat.<br />
– La companyia destaca per posseir un procés productiu integrat verticalment, comptant amb escorxador, sala d'especejament, túnels de congelació, cambres i una flota pròpia de distribució.</p>

<p>&#8211; Empresa portuguesa dedicada al sacrificio, despiece, elaboración, distribución y comercialización de productos cárnicos, principalmente porcino, en fresco y congelado. &#8211; La compañía destaca por poseer un proceso productivo integrado verticalmente, contando con matadero, sala de despiece, túneles de congelación, cámaras y una flota propia de distribución.</p>

<!-- This site is optimized with the Yoast SEO plugin v27.4 - https://yoast.com/product/yoast-seo-wordpress/ -->
<title>Productor cárnico | TAE Europa</title>
<meta name="description" content="Productor cárnico portugues dedicado al sacrificio, despiece, elaboración, distribución y comercialización, principalmente porcino, en fresco y congelado." />
<meta name="robots" content="index, follow, max-snippet:-1, max-image-preview:large, max-video-preview:-1" />
<link rel="canonical" href="https://www.taeeuropa.eu/ca/product/productor-carnico/" />
<meta property="og:locale" content="ca_ES" />
<meta property="og:type" content="article" />
<meta property="og:title" content="Productor cárnico | TAE Europa" />
<meta property="og:description" content="Productor cárnico portugues dedicado al sacrificio, despiece, elaboración, distribución y comercialización, principalmente porcino, en fresco y congelado." />
<meta property="og:url" content="https://www.taeeuropa.eu/ca/product/productor-carnico/" />
<meta property="og:site_name" content="TAE Europa" />
<meta property="article:modified_time" content="2024-09-26T14:17:56+00:00" />
<meta property="og:image" content="https://www.taeeuropa.eu/wp-content/uploads/primer-plano-bistec-carne-cruda-hierbas-especias-sobre-fondo-negro-ai-generativo.jpg" />
	<meta property="og:image:width" content="1000" />
	<meta property="og:image:height" content="667" />
	<meta property="og:image:type" content="image/jpeg" />
<meta name="twitter:card" content="summary_large_image" />
<meta name="twitter:label1" content="Temps estimat de lectura" />
	<meta name="twitter:data1" content="1 minut" />
<script type="application/ld+json" class="yoast-schema-graph">{"@context":"https:\/\/schema.org","@graph":[{"@type":"WebPage","@id":"https:\/\/www.taeeuropa.eu\/en\/product\/productor-carnico\/","url":"https:\/\/www.taeeuropa.eu\/en\/product\/productor-carnico\/","name":"Productor cárnico | TAE Europa","isPartOf":{"@id":"https:\/\/www.taeeuropa.eu\/#website"},"primaryImageOfPage":{"@id":"https:\/\/www.taeeuropa.eu\/en\/product\/productor-carnico\/#primaryimage"},"image":{"@id":"https:\/\/www.taeeuropa.eu\/en\/product\/productor-carnico\/#primaryimage"},"thumbnailUrl":"https:\/\/www.taeeuropa.eu\/wp-content\/uploads\/primer-plano-bistec-carne-cruda-hierbas-especias-sobre-fondo-negro-ai-generativo.jpg","datePublished":"2024-02-12T09:18:41+00:00","dateModified":"2024-09-26T14:17:56+00:00","description":"Productor cárnico portugues dedicado al sacrificio, despiece, elaboración, distribución y comercialización, principalmente porcino, en fresco y congelado.","breadcrumb":{"@id":"https:\/\/www.taeeuropa.eu\/en\/product\/productor-carnico\/#breadcrumb"},"inLanguage":"ca","potentialAction":[{"@type":"ReadAction","target":["https:\/\/www.taeeuropa.eu\/en\/product\/productor-carnico\/"]}]},{"@type":"ImageObject","inLanguage":"ca","@id":"https:\/\/www.taeeuropa.eu\/en\/product\/productor-carnico\/#primaryimage","url":"https:\/\/www.taeeuropa.eu\/wp-content\/uploads\/primer-plano-bistec-carne-cruda-hierbas-especias-sobre-fondo-negro-ai-generativo.jpg","contentUrl":"https:\/\/www.taeeuropa.eu\/wp-content\/uploads\/primer-plano-bistec-carne-cruda-hierbas-especias-sobre-fondo-negro-ai-generativo.jpg","width":1000,"height":667,"caption":"Imagen de una empresa en venta de productos cárnicos, principalmente de cerdo, en fresco y congelado, elaborados y distribuidos por una empresa portuguesa."},{"@type":"BreadcrumbList","@id":"https:\/\/www.taeeuropa.eu\/en\/product\/productor-carnico\/#breadcrumb","itemListElement":[{"@type":"ListItem","position":1,"name":"Portada","item":"https:\/\/www.taeeuropa.eu\/"},{"@type":"ListItem","position":2,"name":"Tienda","item":"https:\/\/www.taeeuropa.eu\/pt\/tienda\/"},{"@type":"ListItem","position":3,"name":"Productor cárnico"}]},{"@type":"WebSite","@id":"https:\/\/www.taeeuropa.eu\/#website","url":"https:\/\/www.taeeuropa.eu\/","name":"TAE Europa","description":"Fusiones y Adquisiciones | Sector agroalimentario","publisher":{"@id":"https:\/\/www.taeeuropa.eu\/#organization"},"potentialAction":[{"@type":"SearchAction","target":{"@type":"EntryPoint","urlTemplate":"https:\/\/www.taeeuropa.eu\/?s={search_term_string}"},"query-input":{"@type":"PropertyValueSpecification","valueRequired":true,"valueName":"search_term_string"}}],"inLanguage":"ca"},{"@type":"Organization","@id":"https:\/\/www.taeeuropa.eu\/#organization","name":"TAE Europa","url":"https:\/\/www.taeeuropa.eu\/","logo":{"@type":"ImageObject","inLanguage":"ca","@id":"https:\/\/www.taeeuropa.eu\/#\/schema\/logo\/image\/","url":"https:\/\/www.taeeuropa.eu\/wp-content\/uploads\/Logo-fondo-blanco-1.jpg","contentUrl":"https:\/\/www.taeeuropa.eu\/wp-content\/uploads\/Logo-fondo-blanco-1.jpg","width":460,"height":460,"caption":"TAE Europa"},"image":{"@id":"https:\/\/www.taeeuropa.eu\/#\/schema\/logo\/image\/"},"sameAs":["https:\/\/www.linkedin.com\/company\/taeeuropa\/"]}]}</script>
<!-- / Yoast SEO plugin. -->

Productor cárnico | TAE Europa

Productor cárnico portugues dedicado al sacrificio, despiece, elaboración, distribución y comercialización, principalmente porcino, en fresco y congelado.

Imagen de una empresa en venta de productos cárnicos, principalmente de cerdo, en fresco y congelado, elaborados y distribuidos por una empresa portuguesa.

Productor cárnico
