{"id":4872,"date":"2024-02-13T18:15:45","date_gmt":"2024-02-13T17:15:45","guid":{"rendered":"https:\/\/new.taeeuropa.eu\/?post_type=product&#038;p=4872"},"modified":"2024-09-26T15:38:43","modified_gmt":"2024-09-26T13:38:43","slug":"frutos-secos","status":"publish","type":"product","link":"https:\/\/www.taeeuropa.eu\/ca\/producte\/frutos-secos\/","title":{"rendered":"Fruits Secs"},"content":{"rendered":"","protected":false},"excerpt":{"rendered":"<p>\u2013 Empresa amb m\u00e9s de 40 anys de traject\u00f2ria dedicada a l'elaboraci\u00f3 i distribuci\u00f3 de fruita seca, olives, adobats, fruites dessecades i altres productes ambienti.<br \/>\n\u2013 Disposa de marca pr\u00f2pia. Entre els seus canals de venda observem la gran distribuci\u00f3, horeca i impuls.<br \/>\n\u2013 Exporta un 5% de la seva producci\u00f3.<\/p>","protected":false},"featured_media":4873,"template":"","meta":{"om_disable_all_campaigns":false,"_monsterinsights_skip_tracking":false,"_monsterinsights_sitenote_active":false,"_monsterinsights_sitenote_note":"","_monsterinsights_sitenote_category":0,"neve_meta_sidebar":"","neve_meta_container":"","neve_meta_enable_content_width":"off","neve_meta_content_width":100,"neve_meta_title_alignment":"","neve_meta_author_avatar":"","neve_post_elements_order":"","neve_meta_disable_header":"","neve_meta_disable_footer":"","neve_meta_disable_title":""},"product_brand":[],"product_cat":[32,48,41,76],"product_tag":[],"class_list":{"0":"post-4872","1":"product","2":"type-product","3":"status-publish","4":"has-post-thumbnail","6":"product_cat-empresas-en-venta","7":"product_cat-entre-1me-y-3me","8":"product_cat-espana","9":"product_cat-frutos-secos-y-snacks","11":"first","12":"instock","13":"shipping-taxable","14":"product-type-simple"},"yoast_head":"<!-- This site is optimized with the Yoast SEO plugin v27.4 - https:\/\/yoast.com\/product\/yoast-seo-wordpress\/ -->\n<title>Frutos Secos | TAE Europa<\/title>\n<meta name=\"description\" content=\"Empresa con m\u00e1s de 40 a\u00f1os de trayectoria dedicada a la elaboraci\u00f3n y distribuci\u00f3n de frutos secos, aceitunas, encurtidos, frutas desecadas y otros productos ambiente.\" \/>\n<meta name=\"robots\" content=\"index, follow, max-snippet:-1, max-image-preview:large, max-video-preview:-1\" \/>\n<link rel=\"canonical\" href=\"https:\/\/www.taeeuropa.eu\/ca\/producte\/frutos-secos\/\" \/>\n<meta property=\"og:locale\" content=\"ca_ES\" \/>\n<meta property=\"og:type\" content=\"article\" \/>\n<meta property=\"og:title\" content=\"Frutos Secos | TAE Europa\" \/>\n<meta property=\"og:description\" content=\"Empresa con m\u00e1s de 40 a\u00f1os de trayectoria dedicada a la elaboraci\u00f3n y distribuci\u00f3n de frutos secos, aceitunas, encurtidos, frutas desecadas y otros productos ambiente.\" \/>\n<meta property=\"og:url\" content=\"https:\/\/www.taeeuropa.eu\/ca\/producte\/frutos-secos\/\" \/>\n<meta property=\"og:site_name\" content=\"TAE Europa\" \/>\n<meta property=\"article:modified_time\" content=\"2024-09-26T13:38:43+00:00\" \/>\n<meta property=\"og:image\" content=\"https:\/\/www.taeeuropa.eu\/wp-content\/uploads\/vista-alergenos-que-encuentran-comunmente-nueces.jpg\" \/>\n\t<meta property=\"og:image:width\" content=\"1000\" \/>\n\t<meta property=\"og:image:height\" content=\"714\" \/>\n\t<meta property=\"og:image:type\" content=\"image\/jpeg\" \/>\n<meta name=\"twitter:card\" content=\"summary_large_image\" \/>\n<meta name=\"twitter:label1\" content=\"Temps estimat de lectura\" \/>\n\t<meta name=\"twitter:data1\" content=\"1 minut\" \/>\n<script type=\"application\/ld+json\" class=\"yoast-schema-graph\">{\"@context\":\"https:\\\/\\\/schema.org\",\"@graph\":[{\"@type\":\"WebPage\",\"@id\":\"https:\\\/\\\/www.taeeuropa.eu\\\/producto\\\/frutos-secos\\\/\",\"url\":\"https:\\\/\\\/www.taeeuropa.eu\\\/producto\\\/frutos-secos\\\/\",\"name\":\"Frutos Secos | TAE Europa\",\"isPartOf\":{\"@id\":\"https:\\\/\\\/www.taeeuropa.eu\\\/#website\"},\"primaryImageOfPage\":{\"@id\":\"https:\\\/\\\/www.taeeuropa.eu\\\/producto\\\/frutos-secos\\\/#primaryimage\"},\"image\":{\"@id\":\"https:\\\/\\\/www.taeeuropa.eu\\\/producto\\\/frutos-secos\\\/#primaryimage\"},\"thumbnailUrl\":\"https:\\\/\\\/www.taeeuropa.eu\\\/wp-content\\\/uploads\\\/vista-alergenos-que-encuentran-comunmente-nueces.jpg\",\"datePublished\":\"2024-02-13T17:15:45+00:00\",\"dateModified\":\"2024-09-26T13:38:43+00:00\",\"description\":\"Empresa con m\u00e1s de 40 a\u00f1os de trayectoria dedicada a la elaboraci\u00f3n y distribuci\u00f3n de frutos secos, aceitunas, encurtidos, frutas desecadas y otros productos ambiente.\",\"breadcrumb\":{\"@id\":\"https:\\\/\\\/www.taeeuropa.eu\\\/producto\\\/frutos-secos\\\/#breadcrumb\"},\"inLanguage\":\"ca\",\"potentialAction\":[{\"@type\":\"ReadAction\",\"target\":[\"https:\\\/\\\/www.taeeuropa.eu\\\/producto\\\/frutos-secos\\\/\"]}]},{\"@type\":\"ImageObject\",\"inLanguage\":\"ca\",\"@id\":\"https:\\\/\\\/www.taeeuropa.eu\\\/producto\\\/frutos-secos\\\/#primaryimage\",\"url\":\"https:\\\/\\\/www.taeeuropa.eu\\\/wp-content\\\/uploads\\\/vista-alergenos-que-encuentran-comunmente-nueces.jpg\",\"contentUrl\":\"https:\\\/\\\/www.taeeuropa.eu\\\/wp-content\\\/uploads\\\/vista-alergenos-que-encuentran-comunmente-nueces.jpg\",\"width\":1000,\"height\":714,\"caption\":\"Imagen de una empresa en venta con 40 a\u00f1os de experiencia en la elaboraci\u00f3n y distribuci\u00f3n de frutos secos, aceitunas, encurtidos y frutas desecadas.\"},{\"@type\":\"BreadcrumbList\",\"@id\":\"https:\\\/\\\/www.taeeuropa.eu\\\/producto\\\/frutos-secos\\\/#breadcrumb\",\"itemListElement\":[{\"@type\":\"ListItem\",\"position\":1,\"name\":\"Portada\",\"item\":\"https:\\\/\\\/www.taeeuropa.eu\\\/\"},{\"@type\":\"ListItem\",\"position\":2,\"name\":\"Tienda\",\"item\":\"https:\\\/\\\/www.taeeuropa.eu\\\/pt\\\/tienda\\\/\"},{\"@type\":\"ListItem\",\"position\":3,\"name\":\"Frutos Secos\"}]},{\"@type\":\"WebSite\",\"@id\":\"https:\\\/\\\/www.taeeuropa.eu\\\/#website\",\"url\":\"https:\\\/\\\/www.taeeuropa.eu\\\/\",\"name\":\"TAE Europa\",\"description\":\"Fusiones y Adquisiciones | Sector agroalimentario\",\"publisher\":{\"@id\":\"https:\\\/\\\/www.taeeuropa.eu\\\/#organization\"},\"potentialAction\":[{\"@type\":\"SearchAction\",\"target\":{\"@type\":\"EntryPoint\",\"urlTemplate\":\"https:\\\/\\\/www.taeeuropa.eu\\\/?s={search_term_string}\"},\"query-input\":{\"@type\":\"PropertyValueSpecification\",\"valueRequired\":true,\"valueName\":\"search_term_string\"}}],\"inLanguage\":\"ca\"},{\"@type\":\"Organization\",\"@id\":\"https:\\\/\\\/www.taeeuropa.eu\\\/#organization\",\"name\":\"TAE Europa\",\"url\":\"https:\\\/\\\/www.taeeuropa.eu\\\/\",\"logo\":{\"@type\":\"ImageObject\",\"inLanguage\":\"ca\",\"@id\":\"https:\\\/\\\/www.taeeuropa.eu\\\/#\\\/schema\\\/logo\\\/image\\\/\",\"url\":\"https:\\\/\\\/www.taeeuropa.eu\\\/wp-content\\\/uploads\\\/Logo-fondo-blanco-1.jpg\",\"contentUrl\":\"https:\\\/\\\/www.taeeuropa.eu\\\/wp-content\\\/uploads\\\/Logo-fondo-blanco-1.jpg\",\"width\":460,\"height\":460,\"caption\":\"TAE Europa\"},\"image\":{\"@id\":\"https:\\\/\\\/www.taeeuropa.eu\\\/#\\\/schema\\\/logo\\\/image\\\/\"},\"sameAs\":[\"https:\\\/\\\/www.linkedin.com\\\/company\\\/taeeuropa\\\/\"]}]}<\/script>\n<!-- \/ Yoast SEO plugin. -->","yoast_head_json":{"title":"Frutos Secos | TAE Europa","description":"Empresa con m\u00e1s de 40 a\u00f1os de trayectoria dedicada a la elaboraci\u00f3n y distribuci\u00f3n de frutos secos, aceitunas, encurtidos, frutas desecadas y otros productos ambiente.","robots":{"index":"index","follow":"follow","max-snippet":"max-snippet:-1","max-image-preview":"max-image-preview:large","max-video-preview":"max-video-preview:-1"},"canonical":"https:\/\/www.taeeuropa.eu\/ca\/producte\/frutos-secos\/","og_locale":"ca_ES","og_type":"article","og_title":"Frutos Secos | TAE Europa","og_description":"Empresa con m\u00e1s de 40 a\u00f1os de trayectoria dedicada a la elaboraci\u00f3n y distribuci\u00f3n de frutos secos, aceitunas, encurtidos, frutas desecadas y otros productos ambiente.","og_url":"https:\/\/www.taeeuropa.eu\/ca\/producte\/frutos-secos\/","og_site_name":"TAE Europa","article_modified_time":"2024-09-26T13:38:43+00:00","og_image":[{"width":1000,"height":714,"url":"https:\/\/www.taeeuropa.eu\/wp-content\/uploads\/vista-alergenos-que-encuentran-comunmente-nueces.jpg","type":"image\/jpeg"}],"twitter_card":"summary_large_image","twitter_misc":{"Temps estimat de lectura":"1 minut"},"schema":{"@context":"https:\/\/schema.org","@graph":[{"@type":"WebPage","@id":"https:\/\/www.taeeuropa.eu\/producto\/frutos-secos\/","url":"https:\/\/www.taeeuropa.eu\/producto\/frutos-secos\/","name":"Frutos Secos | TAE Europa","isPartOf":{"@id":"https:\/\/www.taeeuropa.eu\/#website"},"primaryImageOfPage":{"@id":"https:\/\/www.taeeuropa.eu\/producto\/frutos-secos\/#primaryimage"},"image":{"@id":"https:\/\/www.taeeuropa.eu\/producto\/frutos-secos\/#primaryimage"},"thumbnailUrl":"https:\/\/www.taeeuropa.eu\/wp-content\/uploads\/vista-alergenos-que-encuentran-comunmente-nueces.jpg","datePublished":"2024-02-13T17:15:45+00:00","dateModified":"2024-09-26T13:38:43+00:00","description":"Empresa con m\u00e1s de 40 a\u00f1os de trayectoria dedicada a la elaboraci\u00f3n y distribuci\u00f3n de frutos secos, aceitunas, encurtidos, frutas desecadas y otros productos ambiente.","breadcrumb":{"@id":"https:\/\/www.taeeuropa.eu\/producto\/frutos-secos\/#breadcrumb"},"inLanguage":"ca","potentialAction":[{"@type":"ReadAction","target":["https:\/\/www.taeeuropa.eu\/producto\/frutos-secos\/"]}]},{"@type":"ImageObject","inLanguage":"ca","@id":"https:\/\/www.taeeuropa.eu\/producto\/frutos-secos\/#primaryimage","url":"https:\/\/www.taeeuropa.eu\/wp-content\/uploads\/vista-alergenos-que-encuentran-comunmente-nueces.jpg","contentUrl":"https:\/\/www.taeeuropa.eu\/wp-content\/uploads\/vista-alergenos-que-encuentran-comunmente-nueces.jpg","width":1000,"height":714,"caption":"Imagen de una empresa en venta con 40 a\u00f1os de experiencia en la elaboraci\u00f3n y distribuci\u00f3n de frutos secos, aceitunas, encurtidos y frutas desecadas."},{"@type":"BreadcrumbList","@id":"https:\/\/www.taeeuropa.eu\/producto\/frutos-secos\/#breadcrumb","itemListElement":[{"@type":"ListItem","position":1,"name":"Portada","item":"https:\/\/www.taeeuropa.eu\/"},{"@type":"ListItem","position":2,"name":"Tienda","item":"https:\/\/www.taeeuropa.eu\/pt\/tienda\/"},{"@type":"ListItem","position":3,"name":"Frutos Secos"}]},{"@type":"WebSite","@id":"https:\/\/www.taeeuropa.eu\/#website","url":"https:\/\/www.taeeuropa.eu\/","name":"TAE Europa","description":"Fusiones y Adquisiciones | Sector agroalimentario","publisher":{"@id":"https:\/\/www.taeeuropa.eu\/#organization"},"potentialAction":[{"@type":"SearchAction","target":{"@type":"EntryPoint","urlTemplate":"https:\/\/www.taeeuropa.eu\/?s={search_term_string}"},"query-input":{"@type":"PropertyValueSpecification","valueRequired":true,"valueName":"search_term_string"}}],"inLanguage":"ca"},{"@type":"Organization","@id":"https:\/\/www.taeeuropa.eu\/#organization","name":"TAE Europa","url":"https:\/\/www.taeeuropa.eu\/","logo":{"@type":"ImageObject","inLanguage":"ca","@id":"https:\/\/www.taeeuropa.eu\/#\/schema\/logo\/image\/","url":"https:\/\/www.taeeuropa.eu\/wp-content\/uploads\/Logo-fondo-blanco-1.jpg","contentUrl":"https:\/\/www.taeeuropa.eu\/wp-content\/uploads\/Logo-fondo-blanco-1.jpg","width":460,"height":460,"caption":"TAE Europa"},"image":{"@id":"https:\/\/www.taeeuropa.eu\/#\/schema\/logo\/image\/"},"sameAs":["https:\/\/www.linkedin.com\/company\/taeeuropa\/"]}]}},"_links":{"self":[{"href":"https:\/\/www.taeeuropa.eu\/ca\/wp-json\/wp\/v2\/product\/4872","targetHints":{"allow":["GET"]}}],"collection":[{"href":"https:\/\/www.taeeuropa.eu\/ca\/wp-json\/wp\/v2\/product"}],"about":[{"href":"https:\/\/www.taeeuropa.eu\/ca\/wp-json\/wp\/v2\/types\/product"}],"wp:featuredmedia":[{"embeddable":true,"href":"https:\/\/www.taeeuropa.eu\/ca\/wp-json\/wp\/v2\/media\/4873"}],"wp:attachment":[{"href":"https:\/\/www.taeeuropa.eu\/ca\/wp-json\/wp\/v2\/media?parent=4872"}],"wp:term":[{"taxonomy":"product_brand","embeddable":true,"href":"https:\/\/www.taeeuropa.eu\/ca\/wp-json\/wp\/v2\/product_brand?post=4872"},{"taxonomy":"product_cat","embeddable":true,"href":"https:\/\/www.taeeuropa.eu\/ca\/wp-json\/wp\/v2\/product_cat?post=4872"},{"taxonomy":"product_tag","embeddable":true,"href":"https:\/\/www.taeeuropa.eu\/ca\/wp-json\/wp\/v2\/product_tag?post=4872"}],"curies":[{"name":"wp","href":"https:\/\/api.w.org\/{rel}","templated":true}]}}

<p>– Empresa amb més de 40 anys de trajectòria dedicada a l'elaboració i distribució de fruita seca, olives, adobats, fruites dessecades i altres productes ambienti.<br />
– Disposa de marca pròpia. Entre els seus canals de venda observem la gran distribució, horeca i impuls.<br />
– Exporta un 5% de la seva producció.</p>

<!-- This site is optimized with the Yoast SEO plugin v27.4 - https://yoast.com/product/yoast-seo-wordpress/ -->
<title>Frutos Secos | TAE Europa</title>
<meta name="description" content="Empresa con más de 40 años de trayectoria dedicada a la elaboración y distribución de frutos secos, aceitunas, encurtidos, frutas desecadas y otros productos ambiente." />
<meta name="robots" content="index, follow, max-snippet:-1, max-image-preview:large, max-video-preview:-1" />
<link rel="canonical" href="https://www.taeeuropa.eu/ca/producte/frutos-secos/" />
<meta property="og:locale" content="ca_ES" />
<meta property="og:type" content="article" />
<meta property="og:title" content="Frutos Secos | TAE Europa" />
<meta property="og:description" content="Empresa con más de 40 años de trayectoria dedicada a la elaboración y distribución de frutos secos, aceitunas, encurtidos, frutas desecadas y otros productos ambiente." />
<meta property="og:url" content="https://www.taeeuropa.eu/ca/producte/frutos-secos/" />
<meta property="og:site_name" content="TAE Europa" />
<meta property="article:modified_time" content="2024-09-26T13:38:43+00:00" />
<meta property="og:image" content="https://www.taeeuropa.eu/wp-content/uploads/vista-alergenos-que-encuentran-comunmente-nueces.jpg" />
	<meta property="og:image:width" content="1000" />
	<meta property="og:image:height" content="714" />
	<meta property="og:image:type" content="image/jpeg" />
<meta name="twitter:card" content="summary_large_image" />
<meta name="twitter:label1" content="Temps estimat de lectura" />
	<meta name="twitter:data1" content="1 minut" />
<script type="application/ld+json" class="yoast-schema-graph">{"@context":"https:\/\/schema.org","@graph":[{"@type":"WebPage","@id":"https:\/\/www.taeeuropa.eu\/producto\/frutos-secos\/","url":"https:\/\/www.taeeuropa.eu\/producto\/frutos-secos\/","name":"Frutos Secos | TAE Europa","isPartOf":{"@id":"https:\/\/www.taeeuropa.eu\/#website"},"primaryImageOfPage":{"@id":"https:\/\/www.taeeuropa.eu\/producto\/frutos-secos\/#primaryimage"},"image":{"@id":"https:\/\/www.taeeuropa.eu\/producto\/frutos-secos\/#primaryimage"},"thumbnailUrl":"https:\/\/www.taeeuropa.eu\/wp-content\/uploads\/vista-alergenos-que-encuentran-comunmente-nueces.jpg","datePublished":"2024-02-13T17:15:45+00:00","dateModified":"2024-09-26T13:38:43+00:00","description":"Empresa con más de 40 años de trayectoria dedicada a la elaboración y distribución de frutos secos, aceitunas, encurtidos, frutas desecadas y otros productos ambiente.","breadcrumb":{"@id":"https:\/\/www.taeeuropa.eu\/producto\/frutos-secos\/#breadcrumb"},"inLanguage":"ca","potentialAction":[{"@type":"ReadAction","target":["https:\/\/www.taeeuropa.eu\/producto\/frutos-secos\/"]}]},{"@type":"ImageObject","inLanguage":"ca","@id":"https:\/\/www.taeeuropa.eu\/producto\/frutos-secos\/#primaryimage","url":"https:\/\/www.taeeuropa.eu\/wp-content\/uploads\/vista-alergenos-que-encuentran-comunmente-nueces.jpg","contentUrl":"https:\/\/www.taeeuropa.eu\/wp-content\/uploads\/vista-alergenos-que-encuentran-comunmente-nueces.jpg","width":1000,"height":714,"caption":"Imagen de una empresa en venta con 40 años de experiencia en la elaboración y distribución de frutos secos, aceitunas, encurtidos y frutas desecadas."},{"@type":"BreadcrumbList","@id":"https:\/\/www.taeeuropa.eu\/producto\/frutos-secos\/#breadcrumb","itemListElement":[{"@type":"ListItem","position":1,"name":"Portada","item":"https:\/\/www.taeeuropa.eu\/"},{"@type":"ListItem","position":2,"name":"Tienda","item":"https:\/\/www.taeeuropa.eu\/pt\/tienda\/"},{"@type":"ListItem","position":3,"name":"Frutos Secos"}]},{"@type":"WebSite","@id":"https:\/\/www.taeeuropa.eu\/#website","url":"https:\/\/www.taeeuropa.eu\/","name":"TAE Europa","description":"Fusiones y Adquisiciones | Sector agroalimentario","publisher":{"@id":"https:\/\/www.taeeuropa.eu\/#organization"},"potentialAction":[{"@type":"SearchAction","target":{"@type":"EntryPoint","urlTemplate":"https:\/\/www.taeeuropa.eu\/?s={search_term_string}"},"query-input":{"@type":"PropertyValueSpecification","valueRequired":true,"valueName":"search_term_string"}}],"inLanguage":"ca"},{"@type":"Organization","@id":"https:\/\/www.taeeuropa.eu\/#organization","name":"TAE Europa","url":"https:\/\/www.taeeuropa.eu\/","logo":{"@type":"ImageObject","inLanguage":"ca","@id":"https:\/\/www.taeeuropa.eu\/#\/schema\/logo\/image\/","url":"https:\/\/www.taeeuropa.eu\/wp-content\/uploads\/Logo-fondo-blanco-1.jpg","contentUrl":"https:\/\/www.taeeuropa.eu\/wp-content\/uploads\/Logo-fondo-blanco-1.jpg","width":460,"height":460,"caption":"TAE Europa"},"image":{"@id":"https:\/\/www.taeeuropa.eu\/#\/schema\/logo\/image\/"},"sameAs":["https:\/\/www.linkedin.com\/company\/taeeuropa\/"]}]}</script>
<!-- / Yoast SEO plugin. -->

Empresa con más de 40 años de trayectoria dedicada a la elaboración y distribución de frutos secos, aceitunas, encurtidos, frutas desecadas y otros productos ambiente.

Imagen de una empresa en venta con 40 años de experiencia en la elaboración y distribución de frutos secos, aceitunas, encurtidos y frutas desecadas.
