{"id":4876,"date":"2024-02-13T18:23:02","date_gmt":"2024-02-13T17:23:02","guid":{"rendered":"https:\/\/new.taeeuropa.eu\/?post_type=product&#038;p=4876"},"modified":"2024-09-26T15:36:05","modified_gmt":"2024-09-26T13:36:05","slug":"queso-de-cabra-ecologico","status":"publish","type":"product","link":"https:\/\/www.taeeuropa.eu\/ca\/producte\/queso-de-cabra-ecologico\/","title":{"rendered":"Formatge de Cabra Ecol\u00f2gic"},"content":{"rendered":"<p>\u2013 Empresa amb m\u00e9s de 15 anys de traject\u00f2ria dedicada a l'elaboraci\u00f3 i comercialitzaci\u00f3 de formatge de cabra ecol\u00f2gic.<br \/>\n\u2013 Entre els seus canals de venda es troben tant les grans superf\u00edcies aix\u00ed com l'exportaci\u00f3.<\/p>","protected":false},"excerpt":{"rendered":"<p>&#8211; Empresa con m\u00e1s de 15 a\u00f1os de trayectoria dedicada a la elaboraci\u00f3n y comercializaci\u00f3n de queso de cabra ecol\u00f3gico. &#8211; Entre sus canales de venta se encuentran tanto las grandes superficies as\u00ed como la exportaci\u00f3n.<\/p>","protected":false},"featured_media":4877,"template":"","meta":{"om_disable_all_campaigns":false,"_monsterinsights_skip_tracking":false,"_monsterinsights_sitenote_active":false,"_monsterinsights_sitenote_note":"","_monsterinsights_sitenote_category":0,"neve_meta_sidebar":"","neve_meta_container":"","neve_meta_enable_content_width":"off","neve_meta_content_width":100,"neve_meta_title_alignment":"","neve_meta_author_avatar":"","neve_post_elements_order":"","neve_meta_disable_header":"","neve_meta_disable_footer":"","neve_meta_disable_title":""},"product_brand":[],"product_cat":[56,32,48,41,35],"product_tag":[],"class_list":{"0":"post-4876","1":"product","2":"type-product","3":"status-publish","4":"has-post-thumbnail","6":"product_cat-alimentacion-ecologica","7":"product_cat-empresas-en-venta","8":"product_cat-entre-1me-y-3me","9":"product_cat-espana","10":"product_cat-lacteos","12":"first","13":"instock","14":"shipping-taxable","15":"product-type-simple"},"yoast_head":"<!-- This site is optimized with the Yoast SEO plugin v27.4 - https:\/\/yoast.com\/product\/yoast-seo-wordpress\/ -->\n<title>Queso de Cabra Ecol\u00f3gico | TAE Europa<\/title>\n<meta name=\"description\" content=\"- Empresa con m\u00e1s de 15 a\u00f1os de trayectoria dedicada a la elaboraci\u00f3n y comercializaci\u00f3n de queso de cabra ecol\u00f3gico. Entre sus canales de venta se encuentran las grandes superficies.\" \/>\n<meta name=\"robots\" content=\"index, follow, max-snippet:-1, max-image-preview:large, max-video-preview:-1\" \/>\n<link rel=\"canonical\" href=\"https:\/\/www.taeeuropa.eu\/ca\/producte\/queso-de-cabra-ecologico\/\" \/>\n<meta property=\"og:locale\" content=\"ca_ES\" \/>\n<meta property=\"og:type\" content=\"article\" \/>\n<meta property=\"og:title\" content=\"Queso de Cabra Ecol\u00f3gico | TAE Europa\" \/>\n<meta property=\"og:description\" content=\"- Empresa con m\u00e1s de 15 a\u00f1os de trayectoria dedicada a la elaboraci\u00f3n y comercializaci\u00f3n de queso de cabra ecol\u00f3gico. Entre sus canales de venta se encuentran las grandes superficies.\" \/>\n<meta property=\"og:url\" content=\"https:\/\/www.taeeuropa.eu\/ca\/producte\/queso-de-cabra-ecologico\/\" \/>\n<meta property=\"og:site_name\" content=\"TAE Europa\" \/>\n<meta property=\"article:modified_time\" content=\"2024-09-26T13:36:05+00:00\" \/>\n<meta property=\"og:image\" content=\"https:\/\/www.taeeuropa.eu\/wp-content\/uploads\/trozos-camembert-frances-servidos-sobre-superficie-pizarra.jpg\" \/>\n\t<meta property=\"og:image:width\" content=\"1000\" \/>\n\t<meta property=\"og:image:height\" content=\"668\" \/>\n\t<meta property=\"og:image:type\" content=\"image\/jpeg\" \/>\n<meta name=\"twitter:card\" content=\"summary_large_image\" \/>\n<meta name=\"twitter:label1\" content=\"Temps estimat de lectura\" \/>\n\t<meta name=\"twitter:data1\" content=\"1 minut\" \/>\n<script type=\"application\/ld+json\" class=\"yoast-schema-graph\">{\"@context\":\"https:\\\/\\\/schema.org\",\"@graph\":[{\"@type\":\"WebPage\",\"@id\":\"https:\\\/\\\/www.taeeuropa.eu\\\/producto\\\/queso-de-cabra-ecologico\\\/\",\"url\":\"https:\\\/\\\/www.taeeuropa.eu\\\/producto\\\/queso-de-cabra-ecologico\\\/\",\"name\":\"Queso de Cabra Ecol\u00f3gico | TAE Europa\",\"isPartOf\":{\"@id\":\"https:\\\/\\\/www.taeeuropa.eu\\\/#website\"},\"primaryImageOfPage\":{\"@id\":\"https:\\\/\\\/www.taeeuropa.eu\\\/producto\\\/queso-de-cabra-ecologico\\\/#primaryimage\"},\"image\":{\"@id\":\"https:\\\/\\\/www.taeeuropa.eu\\\/producto\\\/queso-de-cabra-ecologico\\\/#primaryimage\"},\"thumbnailUrl\":\"https:\\\/\\\/www.taeeuropa.eu\\\/wp-content\\\/uploads\\\/trozos-camembert-frances-servidos-sobre-superficie-pizarra.jpg\",\"datePublished\":\"2024-02-13T17:23:02+00:00\",\"dateModified\":\"2024-09-26T13:36:05+00:00\",\"description\":\"- Empresa con m\u00e1s de 15 a\u00f1os de trayectoria dedicada a la elaboraci\u00f3n y comercializaci\u00f3n de queso de cabra ecol\u00f3gico. Entre sus canales de venta se encuentran las grandes superficies.\",\"breadcrumb\":{\"@id\":\"https:\\\/\\\/www.taeeuropa.eu\\\/producto\\\/queso-de-cabra-ecologico\\\/#breadcrumb\"},\"inLanguage\":\"ca\",\"potentialAction\":[{\"@type\":\"ReadAction\",\"target\":[\"https:\\\/\\\/www.taeeuropa.eu\\\/producto\\\/queso-de-cabra-ecologico\\\/\"]}]},{\"@type\":\"ImageObject\",\"inLanguage\":\"ca\",\"@id\":\"https:\\\/\\\/www.taeeuropa.eu\\\/producto\\\/queso-de-cabra-ecologico\\\/#primaryimage\",\"url\":\"https:\\\/\\\/www.taeeuropa.eu\\\/wp-content\\\/uploads\\\/trozos-camembert-frances-servidos-sobre-superficie-pizarra.jpg\",\"contentUrl\":\"https:\\\/\\\/www.taeeuropa.eu\\\/wp-content\\\/uploads\\\/trozos-camembert-frances-servidos-sobre-superficie-pizarra.jpg\",\"width\":1000,\"height\":668,\"caption\":\"Imagen de una empresa en venta dedicada a la elaboraci\u00f3n y venta de queso de cabra ecol\u00f3gico con m\u00e1s de 15 a\u00f1os de experiencia.\"},{\"@type\":\"BreadcrumbList\",\"@id\":\"https:\\\/\\\/www.taeeuropa.eu\\\/producto\\\/queso-de-cabra-ecologico\\\/#breadcrumb\",\"itemListElement\":[{\"@type\":\"ListItem\",\"position\":1,\"name\":\"Portada\",\"item\":\"https:\\\/\\\/www.taeeuropa.eu\\\/\"},{\"@type\":\"ListItem\",\"position\":2,\"name\":\"Tienda\",\"item\":\"https:\\\/\\\/www.taeeuropa.eu\\\/pt\\\/tienda\\\/\"},{\"@type\":\"ListItem\",\"position\":3,\"name\":\"Queso de Cabra Ecol\u00f3gico\"}]},{\"@type\":\"WebSite\",\"@id\":\"https:\\\/\\\/www.taeeuropa.eu\\\/#website\",\"url\":\"https:\\\/\\\/www.taeeuropa.eu\\\/\",\"name\":\"TAE Europa\",\"description\":\"Fusiones y Adquisiciones | Sector agroalimentario\",\"publisher\":{\"@id\":\"https:\\\/\\\/www.taeeuropa.eu\\\/#organization\"},\"potentialAction\":[{\"@type\":\"SearchAction\",\"target\":{\"@type\":\"EntryPoint\",\"urlTemplate\":\"https:\\\/\\\/www.taeeuropa.eu\\\/?s={search_term_string}\"},\"query-input\":{\"@type\":\"PropertyValueSpecification\",\"valueRequired\":true,\"valueName\":\"search_term_string\"}}],\"inLanguage\":\"ca\"},{\"@type\":\"Organization\",\"@id\":\"https:\\\/\\\/www.taeeuropa.eu\\\/#organization\",\"name\":\"TAE Europa\",\"url\":\"https:\\\/\\\/www.taeeuropa.eu\\\/\",\"logo\":{\"@type\":\"ImageObject\",\"inLanguage\":\"ca\",\"@id\":\"https:\\\/\\\/www.taeeuropa.eu\\\/#\\\/schema\\\/logo\\\/image\\\/\",\"url\":\"https:\\\/\\\/www.taeeuropa.eu\\\/wp-content\\\/uploads\\\/Logo-fondo-blanco-1.jpg\",\"contentUrl\":\"https:\\\/\\\/www.taeeuropa.eu\\\/wp-content\\\/uploads\\\/Logo-fondo-blanco-1.jpg\",\"width\":460,\"height\":460,\"caption\":\"TAE Europa\"},\"image\":{\"@id\":\"https:\\\/\\\/www.taeeuropa.eu\\\/#\\\/schema\\\/logo\\\/image\\\/\"},\"sameAs\":[\"https:\\\/\\\/www.linkedin.com\\\/company\\\/taeeuropa\\\/\"]}]}<\/script>\n<!-- \/ Yoast SEO plugin. -->","yoast_head_json":{"title":"Queso de Cabra Ecol\u00f3gico | TAE Europa","description":"- Empresa con m\u00e1s de 15 a\u00f1os de trayectoria dedicada a la elaboraci\u00f3n y comercializaci\u00f3n de queso de cabra ecol\u00f3gico. Entre sus canales de venta se encuentran las grandes superficies.","robots":{"index":"index","follow":"follow","max-snippet":"max-snippet:-1","max-image-preview":"max-image-preview:large","max-video-preview":"max-video-preview:-1"},"canonical":"https:\/\/www.taeeuropa.eu\/ca\/producte\/queso-de-cabra-ecologico\/","og_locale":"ca_ES","og_type":"article","og_title":"Queso de Cabra Ecol\u00f3gico | TAE Europa","og_description":"- Empresa con m\u00e1s de 15 a\u00f1os de trayectoria dedicada a la elaboraci\u00f3n y comercializaci\u00f3n de queso de cabra ecol\u00f3gico. Entre sus canales de venta se encuentran las grandes superficies.","og_url":"https:\/\/www.taeeuropa.eu\/ca\/producte\/queso-de-cabra-ecologico\/","og_site_name":"TAE Europa","article_modified_time":"2024-09-26T13:36:05+00:00","og_image":[{"width":1000,"height":668,"url":"https:\/\/www.taeeuropa.eu\/wp-content\/uploads\/trozos-camembert-frances-servidos-sobre-superficie-pizarra.jpg","type":"image\/jpeg"}],"twitter_card":"summary_large_image","twitter_misc":{"Temps estimat de lectura":"1 minut"},"schema":{"@context":"https:\/\/schema.org","@graph":[{"@type":"WebPage","@id":"https:\/\/www.taeeuropa.eu\/producto\/queso-de-cabra-ecologico\/","url":"https:\/\/www.taeeuropa.eu\/producto\/queso-de-cabra-ecologico\/","name":"Queso de Cabra Ecol\u00f3gico | TAE Europa","isPartOf":{"@id":"https:\/\/www.taeeuropa.eu\/#website"},"primaryImageOfPage":{"@id":"https:\/\/www.taeeuropa.eu\/producto\/queso-de-cabra-ecologico\/#primaryimage"},"image":{"@id":"https:\/\/www.taeeuropa.eu\/producto\/queso-de-cabra-ecologico\/#primaryimage"},"thumbnailUrl":"https:\/\/www.taeeuropa.eu\/wp-content\/uploads\/trozos-camembert-frances-servidos-sobre-superficie-pizarra.jpg","datePublished":"2024-02-13T17:23:02+00:00","dateModified":"2024-09-26T13:36:05+00:00","description":"- Empresa con m\u00e1s de 15 a\u00f1os de trayectoria dedicada a la elaboraci\u00f3n y comercializaci\u00f3n de queso de cabra ecol\u00f3gico. Entre sus canales de venta se encuentran las grandes superficies.","breadcrumb":{"@id":"https:\/\/www.taeeuropa.eu\/producto\/queso-de-cabra-ecologico\/#breadcrumb"},"inLanguage":"ca","potentialAction":[{"@type":"ReadAction","target":["https:\/\/www.taeeuropa.eu\/producto\/queso-de-cabra-ecologico\/"]}]},{"@type":"ImageObject","inLanguage":"ca","@id":"https:\/\/www.taeeuropa.eu\/producto\/queso-de-cabra-ecologico\/#primaryimage","url":"https:\/\/www.taeeuropa.eu\/wp-content\/uploads\/trozos-camembert-frances-servidos-sobre-superficie-pizarra.jpg","contentUrl":"https:\/\/www.taeeuropa.eu\/wp-content\/uploads\/trozos-camembert-frances-servidos-sobre-superficie-pizarra.jpg","width":1000,"height":668,"caption":"Imagen de una empresa en venta dedicada a la elaboraci\u00f3n y venta de queso de cabra ecol\u00f3gico con m\u00e1s de 15 a\u00f1os de experiencia."},{"@type":"BreadcrumbList","@id":"https:\/\/www.taeeuropa.eu\/producto\/queso-de-cabra-ecologico\/#breadcrumb","itemListElement":[{"@type":"ListItem","position":1,"name":"Portada","item":"https:\/\/www.taeeuropa.eu\/"},{"@type":"ListItem","position":2,"name":"Tienda","item":"https:\/\/www.taeeuropa.eu\/pt\/tienda\/"},{"@type":"ListItem","position":3,"name":"Queso de Cabra Ecol\u00f3gico"}]},{"@type":"WebSite","@id":"https:\/\/www.taeeuropa.eu\/#website","url":"https:\/\/www.taeeuropa.eu\/","name":"TAE Europa","description":"Fusiones y Adquisiciones | Sector agroalimentario","publisher":{"@id":"https:\/\/www.taeeuropa.eu\/#organization"},"potentialAction":[{"@type":"SearchAction","target":{"@type":"EntryPoint","urlTemplate":"https:\/\/www.taeeuropa.eu\/?s={search_term_string}"},"query-input":{"@type":"PropertyValueSpecification","valueRequired":true,"valueName":"search_term_string"}}],"inLanguage":"ca"},{"@type":"Organization","@id":"https:\/\/www.taeeuropa.eu\/#organization","name":"TAE Europa","url":"https:\/\/www.taeeuropa.eu\/","logo":{"@type":"ImageObject","inLanguage":"ca","@id":"https:\/\/www.taeeuropa.eu\/#\/schema\/logo\/image\/","url":"https:\/\/www.taeeuropa.eu\/wp-content\/uploads\/Logo-fondo-blanco-1.jpg","contentUrl":"https:\/\/www.taeeuropa.eu\/wp-content\/uploads\/Logo-fondo-blanco-1.jpg","width":460,"height":460,"caption":"TAE Europa"},"image":{"@id":"https:\/\/www.taeeuropa.eu\/#\/schema\/logo\/image\/"},"sameAs":["https:\/\/www.linkedin.com\/company\/taeeuropa\/"]}]}},"_links":{"self":[{"href":"https:\/\/www.taeeuropa.eu\/ca\/wp-json\/wp\/v2\/product\/4876","targetHints":{"allow":["GET"]}}],"collection":[{"href":"https:\/\/www.taeeuropa.eu\/ca\/wp-json\/wp\/v2\/product"}],"about":[{"href":"https:\/\/www.taeeuropa.eu\/ca\/wp-json\/wp\/v2\/types\/product"}],"wp:featuredmedia":[{"embeddable":true,"href":"https:\/\/www.taeeuropa.eu\/ca\/wp-json\/wp\/v2\/media\/4877"}],"wp:attachment":[{"href":"https:\/\/www.taeeuropa.eu\/ca\/wp-json\/wp\/v2\/media?parent=4876"}],"wp:term":[{"taxonomy":"product_brand","embeddable":true,"href":"https:\/\/www.taeeuropa.eu\/ca\/wp-json\/wp\/v2\/product_brand?post=4876"},{"taxonomy":"product_cat","embeddable":true,"href":"https:\/\/www.taeeuropa.eu\/ca\/wp-json\/wp\/v2\/product_cat?post=4876"},{"taxonomy":"product_tag","embeddable":true,"href":"https:\/\/www.taeeuropa.eu\/ca\/wp-json\/wp\/v2\/product_tag?post=4876"}],"curies":[{"name":"wp","href":"https:\/\/api.w.org\/{rel}","templated":true}]}}

Formatge de Cabra Ecològic

<p>– Empresa amb més de 15 anys de trajectòria dedicada a l'elaboració i comercialització de formatge de cabra ecològic.<br />
– Entre els seus canals de venda es troben tant les grans superfícies així com l'exportació.</p>

<p>&#8211; Empresa con más de 15 años de trayectoria dedicada a la elaboración y comercialización de queso de cabra ecológico. &#8211; Entre sus canales de venta se encuentran tanto las grandes superficies así como la exportación.</p>

<!-- This site is optimized with the Yoast SEO plugin v27.4 - https://yoast.com/product/yoast-seo-wordpress/ -->
<title>Queso de Cabra Ecológico | TAE Europa</title>
<meta name="description" content="- Empresa con más de 15 años de trayectoria dedicada a la elaboración y comercialización de queso de cabra ecológico. Entre sus canales de venta se encuentran las grandes superficies." />
<meta name="robots" content="index, follow, max-snippet:-1, max-image-preview:large, max-video-preview:-1" />
<link rel="canonical" href="https://www.taeeuropa.eu/ca/producte/queso-de-cabra-ecologico/" />
<meta property="og:locale" content="ca_ES" />
<meta property="og:type" content="article" />
<meta property="og:title" content="Queso de Cabra Ecológico | TAE Europa" />
<meta property="og:description" content="- Empresa con más de 15 años de trayectoria dedicada a la elaboración y comercialización de queso de cabra ecológico. Entre sus canales de venta se encuentran las grandes superficies." />
<meta property="og:url" content="https://www.taeeuropa.eu/ca/producte/queso-de-cabra-ecologico/" />
<meta property="og:site_name" content="TAE Europa" />
<meta property="article:modified_time" content="2024-09-26T13:36:05+00:00" />
<meta property="og:image" content="https://www.taeeuropa.eu/wp-content/uploads/trozos-camembert-frances-servidos-sobre-superficie-pizarra.jpg" />
	<meta property="og:image:width" content="1000" />
	<meta property="og:image:height" content="668" />
	<meta property="og:image:type" content="image/jpeg" />
<meta name="twitter:card" content="summary_large_image" />
<meta name="twitter:label1" content="Temps estimat de lectura" />
	<meta name="twitter:data1" content="1 minut" />
<script type="application/ld+json" class="yoast-schema-graph">{"@context":"https:\/\/schema.org","@graph":[{"@type":"WebPage","@id":"https:\/\/www.taeeuropa.eu\/producto\/queso-de-cabra-ecologico\/","url":"https:\/\/www.taeeuropa.eu\/producto\/queso-de-cabra-ecologico\/","name":"Queso de Cabra Ecológico | TAE Europa","isPartOf":{"@id":"https:\/\/www.taeeuropa.eu\/#website"},"primaryImageOfPage":{"@id":"https:\/\/www.taeeuropa.eu\/producto\/queso-de-cabra-ecologico\/#primaryimage"},"image":{"@id":"https:\/\/www.taeeuropa.eu\/producto\/queso-de-cabra-ecologico\/#primaryimage"},"thumbnailUrl":"https:\/\/www.taeeuropa.eu\/wp-content\/uploads\/trozos-camembert-frances-servidos-sobre-superficie-pizarra.jpg","datePublished":"2024-02-13T17:23:02+00:00","dateModified":"2024-09-26T13:36:05+00:00","description":"- Empresa con más de 15 años de trayectoria dedicada a la elaboración y comercialización de queso de cabra ecológico. Entre sus canales de venta se encuentran las grandes superficies.","breadcrumb":{"@id":"https:\/\/www.taeeuropa.eu\/producto\/queso-de-cabra-ecologico\/#breadcrumb"},"inLanguage":"ca","potentialAction":[{"@type":"ReadAction","target":["https:\/\/www.taeeuropa.eu\/producto\/queso-de-cabra-ecologico\/"]}]},{"@type":"ImageObject","inLanguage":"ca","@id":"https:\/\/www.taeeuropa.eu\/producto\/queso-de-cabra-ecologico\/#primaryimage","url":"https:\/\/www.taeeuropa.eu\/wp-content\/uploads\/trozos-camembert-frances-servidos-sobre-superficie-pizarra.jpg","contentUrl":"https:\/\/www.taeeuropa.eu\/wp-content\/uploads\/trozos-camembert-frances-servidos-sobre-superficie-pizarra.jpg","width":1000,"height":668,"caption":"Imagen de una empresa en venta dedicada a la elaboración y venta de queso de cabra ecológico con más de 15 años de experiencia."},{"@type":"BreadcrumbList","@id":"https:\/\/www.taeeuropa.eu\/producto\/queso-de-cabra-ecologico\/#breadcrumb","itemListElement":[{"@type":"ListItem","position":1,"name":"Portada","item":"https:\/\/www.taeeuropa.eu\/"},{"@type":"ListItem","position":2,"name":"Tienda","item":"https:\/\/www.taeeuropa.eu\/pt\/tienda\/"},{"@type":"ListItem","position":3,"name":"Queso de Cabra Ecológico"}]},{"@type":"WebSite","@id":"https:\/\/www.taeeuropa.eu\/#website","url":"https:\/\/www.taeeuropa.eu\/","name":"TAE Europa","description":"Fusiones y Adquisiciones | Sector agroalimentario","publisher":{"@id":"https:\/\/www.taeeuropa.eu\/#organization"},"potentialAction":[{"@type":"SearchAction","target":{"@type":"EntryPoint","urlTemplate":"https:\/\/www.taeeuropa.eu\/?s={search_term_string}"},"query-input":{"@type":"PropertyValueSpecification","valueRequired":true,"valueName":"search_term_string"}}],"inLanguage":"ca"},{"@type":"Organization","@id":"https:\/\/www.taeeuropa.eu\/#organization","name":"TAE Europa","url":"https:\/\/www.taeeuropa.eu\/","logo":{"@type":"ImageObject","inLanguage":"ca","@id":"https:\/\/www.taeeuropa.eu\/#\/schema\/logo\/image\/","url":"https:\/\/www.taeeuropa.eu\/wp-content\/uploads\/Logo-fondo-blanco-1.jpg","contentUrl":"https:\/\/www.taeeuropa.eu\/wp-content\/uploads\/Logo-fondo-blanco-1.jpg","width":460,"height":460,"caption":"TAE Europa"},"image":{"@id":"https:\/\/www.taeeuropa.eu\/#\/schema\/logo\/image\/"},"sameAs":["https:\/\/www.linkedin.com\/company\/taeeuropa\/"]}]}</script>
<!-- / Yoast SEO plugin. -->

Queso de Cabra Ecológico | TAE Europa

- Empresa con más de 15 años de trayectoria dedicada a la elaboración y comercialización de queso de cabra ecológico. Entre sus canales de venta se encuentran las grandes superficies.

Imagen de una empresa en venta dedicada a la elaboración y venta de queso de cabra ecológico con más de 15 años de experiencia.

Queso de Cabra Ecológico
